{"id":20,"date":"2026-02-02T18:57:05","date_gmt":"2026-02-02T17:57:05","guid":{"rendered":"https:\/\/www.ha-es-vau.de\/?page_id=20"},"modified":"2026-02-07T12:56:04","modified_gmt":"2026-02-07T11:56:04","slug":"fanclub","status":"publish","type":"page","link":"https:\/\/www.ha-es-vau.de\/?page_id=20","title":{"rendered":"Fanclub"},"content":{"rendered":"\n<div class=\"wp-block-group has-global-padding is-layout-constrained wp-container-core-group-is-layout-6ab92954 wp-block-group-is-layout-constrained\" style=\"margin-top:0;margin-bottom:0;padding-top:0;padding-right:0;padding-bottom:0;padding-left:0\">\n<p><\/p>\n\n\n\n<p><\/p>\n\n\n\n<h2 class=\"wp-block-heading has-xx-large-font-size\">Unser Ha-eS-Vau Fanclub Eicklingen von 2000 (OFC)&nbsp;<\/h2>\n<\/div>\n\n\n\n<p><\/p>\n\n\n\n<p><\/p>\n\n\n\n<p><\/p>\n\n\n\n<div class=\"wp-block-group has-global-padding is-layout-constrained wp-container-core-group-is-layout-6ab92954 wp-block-group-is-layout-constrained\" style=\"margin-top:0;margin-bottom:0;padding-top:0;padding-right:0;padding-bottom:0;padding-left:0\">\n<div class=\"wp-block-group alignfull is-style-section-2 is-nowrap is-layout-flex wp-container-core-group-is-layout-4ae00fb4 wp-block-group-is-layout-flex has-background is-style-section-2--1\" style=\"border-style:none;border-width:0px;border-top-left-radius:0px;border-top-right-radius:0px;border-bottom-left-radius:0px;border-bottom-right-radius:0px;min-height:0px;margin-top:0;margin-bottom:0;padding-top:var(--wp--preset--spacing--60);padding-right:var(--wp--preset--spacing--80);padding-bottom:var(--wp--preset--spacing--60);padding-left:var(--wp--preset--spacing--80);box-shadow:none;background-image:url(&apos;https:\/\/www.ha-es-vau.de\/wp-content\/uploads\/2026\/02\/IMG_1704.png&apos;);background-position:60% 57.99999999999999%;background-size:cover;\">\n<div class=\"wp-block-columns alignwide is-layout-flex wp-container-core-columns-is-layout-643ced6b wp-block-columns-is-layout-flex\">\n<div class=\"wp-block-column is-vertically-aligned-center is-style-default is-layout-flow wp-container-core-column-is-layout-d55834dc wp-block-column-is-layout-flow\" style=\"border-style:none;border-width:0px;border-top-left-radius:0px;border-top-right-radius:0px;border-bottom-left-radius:0px;border-bottom-right-radius:0px;padding-top:var(--wp--preset--spacing--50);padding-right:0;padding-bottom:var(--wp--preset--spacing--50);padding-left:0;flex-basis:60%\">\n<p><\/p>\n\n\n\n<h2 class=\"wp-block-heading has-base-color has-text-color has-link-color has-xx-large-font-size wp-elements-3ce2a7ec06861032dc614d63b656f34e\">\u00dcber Uns<\/h2>\n\n\n\n<p><\/p>\n\n\n\n<p><\/p>\n\n\n\n<p class=\"has-base-color has-text-color has-link-color wp-elements-b8aa7db4eb6e83bd866a52d77f840768\">Der Ha-eS-Vau Fanclub Eicklingen ist ein leidenschaftlicher Zusammenschluss von HSV Fans, die ihre Begeisterung f\u00fcr den Hamburger SV gemeinsam leben.<\/p>\n\n\n\n<p><\/p>\n\n\n\n<p class=\"has-base-color has-text-color has-link-color wp-elements-3150e0ec2ebb7df19075cfef72fe1eaf\">Ob bei Spielen, gemeinsamen Fahrten oder im Vereinsleben &#8211; der Zusammenhalt und die Liebe zum Verein stehen bei uns im Mittelpunkt.<\/p>\n<\/div>\n<\/div>\n<\/div>\n<\/div>\n\n\n\n<p><\/p>\n\n\n\n<div class=\"wp-block-group has-global-padding is-layout-constrained wp-container-core-group-is-layout-6ab92954 wp-block-group-is-layout-constrained\" style=\"margin-top:0;margin-bottom:0;padding-top:0;padding-right:0;padding-bottom:0;padding-left:0\">\n<div class=\"wp-block-group alignfull is-style-section-5 has-large-font-size is-nowrap is-layout-flex wp-container-core-group-is-layout-708adc10 wp-block-group-is-layout-flex is-style-section-5--2\" style=\"margin-top:0;margin-bottom:0;padding-top:var(--wp--preset--spacing--30);padding-right:var(--wp--preset--spacing--80);padding-bottom:var(--wp--preset--spacing--30);padding-left:var(--wp--preset--spacing--80)\">\n<div class=\"wp-block-columns alignwide is-layout-flex wp-container-core-columns-is-layout-e8589c0a wp-block-columns-is-layout-flex\" style=\"margin-top:0;margin-bottom:0;padding-top:var(--wp--preset--spacing--40);padding-bottom:var(--wp--preset--spacing--40)\">\n<div class=\"wp-block-column is-style-default is-layout-flow wp-container-core-column-is-layout-fcb47e9f wp-block-column-is-layout-flow\" style=\"padding-top:var(--wp--preset--spacing--40);padding-right:0;padding-bottom:var(--wp--preset--spacing--40);padding-left:0\">\n<h2 class=\"wp-block-heading has-xx-large-font-size\">Unsere Geschichte<\/h2>\n\n\n\n<p><\/p>\n\n\n\n<p><\/p>\n\n\n\n<p class=\"has-large-font-size\"><\/p>\n\n\n\n<p>Der Ha-eS-Vau Fanclub Eicklingen wurde am 1. August 2000 von rund zehn HSV-Fans im Sportheim Eicklingen bei Wolfgang Schaper gegr\u00fcndet. Ziel war es, bei gemeinsamen Fahrten zu Spielen fr\u00fchzeitig und zuverl\u00e4ssig Eintrittskarten zu erhalten.<br><\/p>\n\n\n\n<p><\/p>\n\n\n\n<p>In den folgenden Jahren entwickelte sich der Fanclub stetig weiter und wuchs bis 2004 auf 28 Mitglieder an.  <br><\/p>\n\n\n\n<p><\/p>\n\n\n\n<p>Nach einer ruhigen Phase im Vereinsleben startete der Fanclub Ende 2008 neu durch und gewann erneut an Dynamik und Zusammenhalt. <\/p>\n<\/div>\n<\/div>\n<\/div>\n<\/div>\n\n\n\n<div class=\"wp-block-group is-nowrap is-layout-flex wp-container-core-group-is-layout-80d86758 wp-block-group-is-layout-flex has-background\" style=\"padding-top:var(--wp--preset--spacing--40);padding-right:var(--wp--preset--spacing--50);padding-bottom:var(--wp--preset--spacing--40);padding-left:var(--wp--preset--spacing--50);background-image:url(&apos;https:\/\/www.ha-es-vau.de\/wp-content\/uploads\/2026\/02\/IMG_1715.jpeg&apos;);background-position:41% 7.000000000000001%;background-size:cover;\">\n<div class=\"wp-block-columns is-layout-flex wp-container-core-columns-is-layout-e0e4babd wp-block-columns-is-layout-flex\" style=\"padding-right:0;padding-left:0\">\n<div class=\"wp-block-column is-vertically-aligned-top is-style-default has-global-padding is-layout-constrained wp-container-core-column-is-layout-a6c9c148 wp-block-column-is-layout-constrained\" style=\"padding-top:0;padding-right:var(--wp--preset--spacing--70);padding-bottom:0;padding-left:var(--wp--preset--spacing--70)\">\n<p><\/p>\n\n\n\n<p><\/p>\n\n\n\n<h2 class=\"wp-block-heading has-base-color has-text-color has-link-color has-xx-large-font-size wp-elements-6172c03183478903ffecad617fac1750\">Heute<\/h2>\n\n\n\n<p><\/p>\n\n\n\n<p><\/p>\n\n\n\n<p class=\"has-base-color has-text-color has-link-color has-large-font-size wp-elements-86f8209727e88d6a63050bcde08747ee\"><br>Der Fanclub z\u00e4hlt heute eine starke und engagierte Gemeinschaft von HSV-Anh\u00e4ngerinnen und Anh\u00e4ngern.<\/p>\n\n\n\n<p><\/p>\n\n\n\n<p class=\"has-base-color has-text-color has-link-color wp-elements-a6f15a835510075bcafeffdc1108edcd\">Zum Stand Januar 2026 geh\u00f6ren dem Ha-eS-Vau Fanclub Eicklingen 116 Mitglieder an.<\/p>\n\n\n\n<p><\/p>\n\n\n\n<p class=\"has-base-color has-text-color has-link-color wp-elements-15d8eb7e37906b4af6bb8d3d489d4632\"> Auch wenn sich das Vereinsleben \u00fcber die Jahre weiter entwickelt hat, ist der Grundgedanke bis heute derselbe geblieben:<\/p>\n\n\n\n<p><\/p>\n\n\n\n<p><br><\/p>\n\n\n\n<p class=\"has-base-color has-text-color has-link-color has-large-font-size wp-elements-e30f0416cf558a9ba0e833a23c8fd630\">GEMEINSAM DEN HSV UNTERST\u00dcTZEN UND DIE VERBUNDENHEIT ZUM VEREIN LEBEN<\/p>\n\n\n\n<p class=\"has-base-color has-text-color has-link-color wp-elements-5464ed482d9d29428e590029aecb7187\">NUR DER HSV!<\/p>\n\n\n\n<p><\/p>\n\n\n\n<p><\/p>\n<\/div>\n<\/div>\n<\/div>\n","protected":false},"excerpt":{"rendered":"<p>Unser Ha-eS-Vau Fanclub Eicklingen von 2000 (OFC)&nbsp; \u00dcber Uns Der Ha-eS-Vau Fanclub Eicklingen ist ein leidenschaftlicher Zusammenschluss von HSV Fans, die ihre Begeisterung f\u00fcr den Hamburger SV gemeinsam leben. Ob bei Spielen, gemeinsamen Fahrten oder im Vereinsleben &#8211; der Zusammenhalt und die Liebe zum Verein stehen bei uns im Mittelpunkt. Unsere Geschichte Der Ha-eS-Vau Fanclub [&hellip;]<\/p>\n","protected":false},"author":1,"featured_media":0,"parent":0,"menu_order":0,"comment_status":"closed","ping_status":"closed","template":"","meta":{"footnotes":""},"class_list":["post-20","page","type-page","status-publish","hentry"],"_links":{"self":[{"href":"https:\/\/www.ha-es-vau.de\/index.php?rest_route=\/wp\/v2\/pages\/20","targetHints":{"allow":["GET"]}}],"collection":[{"href":"https:\/\/www.ha-es-vau.de\/index.php?rest_route=\/wp\/v2\/pages"}],"about":[{"href":"https:\/\/www.ha-es-vau.de\/index.php?rest_route=\/wp\/v2\/types\/page"}],"author":[{"embeddable":true,"href":"https:\/\/www.ha-es-vau.de\/index.php?rest_route=\/wp\/v2\/users\/1"}],"replies":[{"embeddable":true,"href":"https:\/\/www.ha-es-vau.de\/index.php?rest_route=%2Fwp%2Fv2%2Fcomments&post=20"}],"version-history":[{"count":34,"href":"https:\/\/www.ha-es-vau.de\/index.php?rest_route=\/wp\/v2\/pages\/20\/revisions"}],"predecessor-version":[{"id":617,"href":"https:\/\/www.ha-es-vau.de\/index.php?rest_route=\/wp\/v2\/pages\/20\/revisions\/617"}],"wp:attachment":[{"href":"https:\/\/www.ha-es-vau.de\/index.php?rest_route=%2Fwp%2Fv2%2Fmedia&parent=20"}],"curies":[{"name":"wp","href":"https:\/\/api.w.org\/{rel}","templated":true}]}}